by 195.
117
What is the remainder when 1784104 is divided by 5390?
14
What is the remainder when 7501778 is divided by 4?
2
Calculate the remainder when 73785 is divided by 1297.
1153
Calculate the remainder when 131982 is divided by 43946.
144
Calculate the remainder when 7110161 is divided by 18516.
17
What is the remainder when 694605 is divided by 1183?
184
Calculate the remainder when 10357738 is divided by 16.
10
What is the remainder when 1067464 is divided by 1064?
272
Calculate the remainder when 82890 is divided by 30.
0
What is the remainder when 510730 is divided by 10625?
730
What is the remainder when 6728637 is divided by 1079?
1072
Calculate the remainder when 1185798 is divided by 1183019.
2779
Calculate the remainder when 364344 is divided by 1078.
1058
Calculate the remainder when 2500024 is divided by 156251.
8
Calculate the remainder when 1294339 is divided by 14.
11
Calculate the remainder when 223011 is divided by 5008.
2659
What is the remainder when 828503 is divided by 4280?
2463
Calculate the remainder when 172753 is divided by 2213.
139
Calculate the remainder when 643837 is divided by 160833.
505
Calculate the remainder when 6229523 is divided by 10.
3
Calculate the remainder when 6790619 is divided by 2263516.
71
What is the remainder when 71096366 is divided by 221484?
2
Calculate the remainder when 1870950 is divided by 19489.
6
Calculate the remainder when 6409938 is divided by 32.
18
Calculate the remainder when 26041541 is divided by 8680502.
35
What is the remainder when 1659244 is divided by 1659228?
16
Calculate the remainder when 7303857 is divided by 608653.
21
What is the remainder when 6516479 is divided by 160?
159
What is the remainder when 5472891 is divided by 169?
164
What is the remainder when 1865609 is divided by 82?
27
Calculate the remainder when 38760 is divided by 529.
143
What is the remainder when 17001207 is divided by 754?
15
Calculate the remainder when 4680718 is divided by 269.
118
What is the remainder when 23392 is divided by 1948?
16
Calculate the remainder when 28838154 is divided by 1696362.
0
Calculate the remainder when 2001823 is divided by 35.
33
What is the remainder when 5437627 is divided by 38840?
27
Calculate the remainder when 495729 is divided by 54.
9
What is the remainder when 127635 is divided by 4?
3
Calculate the remainder when 1995363 is divided by 2883.
327
Calculate the remainder when 17455131 is divided by 89.
6
What is the remainder when 2409130 is divided by 83073?
13
Calculate the remainder when 86625 is divided by 43251.
123
What is the remainder when 3835282 is divided by 174330?
22
What is the remainder when 2962452 is divided by 1468?
28
What is the remainder when 2356579 is divided by 89?
37
Calculate the remainder when 2927734 is divided by 77.
40
What is the remainder when 1969551 is divided by 15?
6
What is the remainder when 114751150 is divided by 3984?
3982
What is the remainder when 2631909 is divided by 166?
145
Calculate the remainder when 15173 is divided by 376.
133
What is the remainder when 62015 is divided by 62001?
14
Calculate the remainder when 7608502 is divided by 1292.
1206
What is the remainder when 109729 is divided by 8178?
3415
Calculate the remainder when 7359487 is divided by 14631.
94
What is the remainder when 191532 is divided by 476?
180
Calculate the remainder when 2554 is divided by 853.
848
What is the remainder when 26282878 is divided by 65?
63
Calculate the remainder when 364005 is divided by 1462.
1429
Calculate the remainder when 37486894 is divided by 26.
16
Calculate the remainder when 144294 is divided by 14.
10
Calculate the remainder when 2146084 is divided by 80.
4
Calculate the remainder when 335711 is divided by 443.
360
What is the remainder when 854066 is divided by 11884?
10302
Calculate the remainder when 857373 is divided by 18.
15
What is the remainder when 494290 is divided by 247134?
22
Calculate the remainder when 3523920 is divided by 4287.
6
What is the remainder when 233163 is divided by 563?
81
What is the remainder when 245219 is divided by 132?
95
What is the remainder when 419110 is divided by 2118?
1864
Calculate the remainder when 2339390 is divided by 624.
14
What is the remainder when 208250 is divided by 6661?
1759
Calculate the remainder when 84915836 is divided by 2177329.
5
Calculate the remainder when 4857771 is divided by 184.
171
Calculate the remainder when 22940075 is divided by 212.
191
Calculate the remainder when 194662752 is divided by 7618.
7616
Calculate the remainder when 59180629 is divided by 1194.
19
Calculate the remainder when 234488 is divided by 338.
254
Calculate the remainder when 691864 is divided by 34.
32
Calculate the remainder when 4412086 is divided by 1684.
6
What is the remainder when 10864025 is divided by 252651?
32
What is the remainder when 147894 is divided by 1493?
87
Calculate the remainder when 2669991 is divided by 23.
13
What is the remainder when 1426002 is divided by 6758?
64
What is the remainder when 8134142 is divided by 133?
128
What is the remainder when 5200873 is divided by 1591?
1485
Calculate the remainder when 302878 is divided by 169.
30
What is the remainder when 927853 is divided by 1281?
409
Calculate the remainder when 54532 is divided by 10811.
477
Calculate the remainder when 74031 is divided by 3519.
132
Calculate the remainder when 549057597 is divided by 520.
517
Calculate the remainder when 24644 is divided by 2452.
124
What is the remainder when 13874443 is divided by 8249?
7874
Calculate the remainder when 300239 is divided by 978.
971
What is the remainder when 3777080 is divided by 12511?
11269
Calculate the remainder when 1220871 is divided by 331.
143
What is the remainder when 136421 is divided by 1844?
1809
Calculate the remainder when 10930836 is divided by 49685.
136
Calculate the remainder when 15203152 is divided by 11.
8
Calculate the remainder when 414045 is divided by 1792.
93
Calculate the remainder when 34501247 is divided by 288.
287
What is the remainder when 6632197 is divided by 6632183?
14
Calculate the remainder when 136285 is divided by 18410.
7415
Calculate the remainder when 245048623 is divided by 76.
75
What is the remainder when 469448 is divided by 231919?
5610
What is the remainder when 11543 is divided by 3291?
1670
What is the remainder when 1248432 is divided by 17565?
1317
What is the remainder when 18183075 is divided by 34?
11
Calculate the remainder when 25414100 is divided by 7.
5
What is the remainder when 3976003 is divided by 993564?
1747
What is the remainder when 141480 is divided by 47126?
102
What is the remainder when 614887 is divided by 614867?
20
Calculate the remainder when 4880891 is divided by 26.
15
What is the remainder when 19752973 is divided by 6584321?
10
Calculate the remainder when 1749268 is divided by 30.
28
What is the remainder when 11025619 is divided by 4114?
99
What is the remainder when 188846 is divided by 61082?
5600
Calculate the remainder when 1109058 is divided by 158433.
27
Calculate the remainder when 615486 is divided by 64.
62
What is the remainder when 3259 is divided by 2934?
325
What is the remainder when 88668 is divided by 2653?
1119
What is the remainder when 214057 is divided by 811?
764
What is the remainder when 246000 is divided by 45?
30
What is the remainder when 788424 is divided by 307?
48
What is the remainder when 2544999 is divided by 508997?
14
What is the remainder when 17584734 is divided by 75?
9
Calculate the remainder when 1250651 is divided by 104036.
2219
What is the remainder when 546716324 is divided by 25?
24
Calculate the remainder when 179722 is divided by 1142.
428
What is the remainder when 1034889 is divided by 54460?
149
What is the remainder when 296568712 is divided by 4589?
4587
What is the remainder when 66239 is divided by 637?
628
What is the remainder when 1276890 is divided by 1275213?
1677
Calculate the remainder when 72524 is divided by 847.
529
Calculate the remainder when 3857110 is divided by 1928543.
24
What is the remainder when 8424758 is divided by 4212378?
2
Calculate the remainder when 152196 is divided by 2767.
11
What is the remainder when 1771613 is divided by 705?
653
What is the rema